 What are the prime factors of (3 - 2)*(0 - m)?
3, 5
Suppose 2*f - 22 = 5*l, -l - 4 = l + 4*f. Let n = 1 - l. Let u(z) = -z**2 + 6*z - 3. List the prime factors of u(n).
2
Let u(d) be the third derivative of 5*d**4/24 + 11*d**3/6 - 3*d**2. Let z(g) = 9*g + 23. Let o(k) = -11*u(k) + 6*z(k). What are the prime factors of o(0)?
17
Let f be (-15)/(-2)*-4 + 0. Let d be f/(-24) - 2/8. List the prime factors of -2 - -2*d - -12.
2, 3
Suppose -4*v + 9 + 3 = 0. Let z = v - -9. List the prime factors of z.
2, 3
Suppose 0 = m + m - 10. Suppose 2*u - 4*u + a + 36 = 0, -28 = -3*u - m*a. List the prime factors of u.
2
Let n be 4/(-14) - (-800)/7. Let z be 2/5 - n/(-15). Suppose 2*f + 2*q - z = -0*q, f + 4 = -5*q. What are the prime factors of f?
2, 3
Suppose -p - v + 198 = 0, -p - 114 = 4*v - 327. What are the prime factors of p?
193
What are the prime factors of 14/3*(-36)/(-7)?
2, 3
Let h be (0/2)/(0 - -2). Suppose h = -4*w - w - 15. Let d = w - -6. List the prime factors of d.
3
Let w(q) = -2 + 0 + 0 - q. Let m be w(0). Let d = m + 7. What are the prime factors of d?
5
Suppose -3*y + 6*y - 93 = 0. List the prime factors of y.
31
Let n(b) = b - 1. Let f be n(3). Suppose -3*w - 4*j + 3*j = -52, 4*w - 66 = f*j. What are the prime factors of w?
17
Suppose p + 5*p - 270 = 0. What are the prime factors of p?
3, 5
Let u be 8/(-44) + 2776/22. Suppose 5*q - 29 = u. What are the prime factors of q?
31
Let s(b) = -b**2 - 7*b + 2. Let x be s(-7). Let i(u) = 8*u**2 - u + 2. What are the prime factors of i(x)?
2
Let z = -13 - -13. Suppose z = u - 53 + 11. List the prime factors of u.
2, 3, 7
Let n = 0 + 2. Suppose -2*w = -0*w + n. What are the prime factors of (15/6)/(w/(-6))?
3, 5
Suppose 3*b + 151 = 4*d, -3*d + 3*b - 8*b + 77 = 0. List the prime factors of d.
2, 17
Suppose g - 2*q - 2 = 0, q - 8 = -3*q. Let v be 0/(-1 - -3 - 3). Suppose v = -o - 2, -2*x + g*x - 74 = 3*o. List the prime factors of x.
17
Let z(c) = c**3 + 1. Let g be z(0). Let w be (-4)/14 + 2/7. Suppose w = j - 4 - g. List the prime factors of j.
5
Let z = -41 + 71. List the prime factors of z.
2, 3, 5
List the prime factors of (-3 - -1) + -1 + 58 + -4.
3, 17
Let k = 6 + -2. Suppose 3*p + 20 = k*p. List the prime factors of p.
2, 5
Suppose -27 = -2*o + 119. List the prime factors of o.
73
Let c be 2*(-1 + 14/4). Let q = c + -6. Let h = q + 9. List the prime factors of h.
2
Let d(t) = -4 + 1 - 27*t - 4 + 5. What are the prime factors of d(-1)?
5
Suppose j + 4*z - 3 = 2*j, -4*j + 2*z + 16 = 0. Let p(u) = u + 2. Let q(s) = 2*s + 3. Let w(r) = j*p(r) - 4*q(r). What are the prime factors of w(-2)?
2
What are the prime factors of 32 - 4/(8/(-6))?
5, 7
Let j(q) = 0*q**2 + 0*q**3 - 3 - 2*q + 2*q**3 - 2*q**2 - 3*q**3. What are the prime factors of j(-3)?
2, 3
Suppose 0 = 2*r + r + 57. Let k = -5 - r. What are the prime factors of k?
2, 7
Let z(j) = j**3 - j**2 - 3*j + 7. List the prime factors of z(3).
2
Let l(z) = -7*z**3 - z**2 + z - 1. Let o be l(1). Suppose 21 = -2*n - 11. Let x = o - n. What are the prime factors of x?
2
Let z(c) = c**2 + c + 1. What are the prime factors of z(3)?
13
Let i(a) = 3*a + a + a**2 + 8 - 1. Let r be i(-7). Suppose r = 3*d + d. List the prime factors of d.
7
Suppose 0 = -k - 3*k - 5*z + 32, 33 = k - 5*z. Suppose 2*s = 4*c + 16, -s + 5*c = -4*s + k. What are the prime factors of s?
2, 3
Let r be (0 - 18)*2/(-6). Suppose 4*o = r*o - 34. What are the prime factors of o?
17
Let g(r) = r**2 - r + 4. Let k be g(0). Suppose -j - j + k = 0. What are the prime factors of j?
2
Let a(z) = -4*z + 1. What are the prime factors of a(-1)?
5
Let l(n) = -n**2 + 11*n + 18. Let a be l(13). Let b = 9 - a. List the prime factors of b.
17
Let s = 6 + 7. Let p = -2 - 4. Let v = p + s. List the prime factors of v.
7
Suppose 0 = u + 3*v - 33, -u - u + 2*v + 106 = 0. What are the prime factors of u?
2, 3
Suppose -3*f = f - 160. What are the prime factors of f?
2, 5
Let d = 4 + -1. What are the prime factors of d/5 + (-144)/(-10)?
3, 5
Suppose b - 24 = 13. List the prime factors of (-5 - b)*(-2 + 1).
2, 3, 7
Let s(r) = 14*r + 1. Let y(c) = -c**3 + 2*c**2 + 1. Let i be y(2). What are the prime factors of s(i)?
3, 5
Let q(p) = p. Suppose 1 = f + 3*b - 2*b, 4*b = 2*f + 4. Let m be q(f). Suppose m = 4*x + 5*l - 38, -5*x + 3*l = -l - 68. What are the prime factors of x?
2, 3
Suppose -2*d = d - 174. List the prime factors of d.
2, 29
Let b(p) = p**3 - 3*p**2 - 5*p + 2. Let v be b(4). Let a be 1*(-3 - (v - -4)). Let g = 5 - a. List the prime factors of g.
2, 5
What are the prime factors of (-544)/(-4) + (6 - (2 + 0))?
2, 5, 7
Suppose 5*x + 2*q - 6 = 0, -x + 2*q + q - 9 = 0. Suppose x*o + 5*n = -2*o + 333, -5*n = -o + 159. What are the prime factors of 6/(-15) + o/10?
2
Suppose 7*z = 3*z + 336. Suppose 0 = -2*g + i + 43, -5*g - 5*i + z = -2*g. What are the prime factors of g?
23
Let i(d) = d**3 - 8*d**2 + 8*d. What are the prime factors of i(7)?
7
Let p(x) = -x**2 - 4*x + 1. Let w(s) = -s + 1. Let l be w(-2). Suppose o + 6 = -3*n, 4*o + 10 = l*n + 1. What are the prime factors of p(o)?
2
Let w(o) = -o**3 - 5 + 2*o + 0*o - 7*o**2 + 0*o - 4*o. What are the prime factors of w(-7)?
3
Suppose 4*i + 3*f - 117 = 0, 4*i = 4*f + 35 + 61. What are the prime factors of i?
3
Let l = 6 + -5. Let o be -2 + 3 + l + 31. Let w = o + -22. What are the prime factors of w?
11
Suppose -4*g = -2*y + 9 - 1, 4*y - 9 = g. Suppose y*v = v + 15. What are the prime factors of v?
3, 5
Let q(l) be the second derivative of l**4/12 + l**3 + 2*l**2 - 4*l. Let k be (-4)/14 + 108/(-14). List the prime factors of q(k).
2, 5
Suppose a + 2 = 5. List the prime factors of (2/a)/((-6)/(-81)).
3
Let r(b) = -9*b**2 + b + 1. Let d be r(-1). Let h = 5 + d. What are the prime factors of h/(-6) + (-56)/(-6)?
2, 5
Let b be -1 + 1 - (-140)/10. Suppose -5*z - 3*d = -23, -b + 3 = -3*z + d. What are the prime factors of z?
2
Let u be (-2)/(-12) - 3/18. Suppose u*c + 5*c - 10 = 0. Suppose c*a = 3*t - 30, -36 = -5*t + 4*a + 12. List the prime factors of t.
2, 3
Let g = 7 - 0. Suppose 4*i - 39 = -g. Let m(y) = y**3 - 8*y**2 + 2*y + 1. What are the prime factors of m(i)?
17
Suppose 3*t - 260 = -2*t. Suppose -d - h = -2*h - 14, 4*h - t = -5*d. Let u = -5 + d. List the prime factors of u.
7
What are the prime factors of 9 - 1/((-2)/(-2))?
2
Suppose 0 = 5*o + 2*l - 0*l + 11, 2*l = -2*o - 2. Let z(s) = s + 5. What are the prime factors of z(o)?
2
Suppose -12 = 4*u - 4*k + 5*k, -u + 3*k = -10. What are the prime factors of 10*((-5)/(-2) + u)?
5
Let x be (4 + -14)*(-27)/6. Suppose -a + x = 2*a. List the prime factors of a.
3, 5
Let n be (2 + 33/(-6))*-10. Let k = 2 + n. List the prime factors of k.
37
Let v(s) = s**2 - 2. Let r = 7 - 5. Let z be v(r). Suppose 2*d - 44 = 4*t, z*d - 31 + 7 = -t. What are the prime factors of d?
2, 7
Suppose -2*b = -2*q + b, 0 = 4*b. Suppose -3*a + q - 12 = 0. What are the prime factors of -2 + 1 - -2 - a?
5
Let r(y) = -22*y**3 - 1. Let m be r(-1). Suppose 3*n + 3*n = -78. Let z = n + m. List the prime factors of z.
2
List the prime factors of (-4 - 12/(-6)) + 164.
2, 3
Suppose -a + 83 = -4*h, -2*a + 2*h = 6*h - 178. List the prime factors of a.
3, 29
What are the prime factors of 1/(-5) - (-1512)/60?
5
Suppose -5*k + 4*s + 9 - 27 = 0, -2*s = 2*k. Let x(w) = -2*w**3 - 3*w**2 - w + 2. Let t be x(k). Let v(a) = 2*a - 8. What are the prime factors of v(t)?
2
Let p(j) be the second derivative of -j**5/20 + j**4/3 - j**2/2 + 2*j. Let z be p(3). Suppose z = -2*q + 4*q. What are the prime factors of q?
2
What are the prime factors of 210/4*1/3*4?
2, 5, 7
Suppose -5 = -2*k + 1. List the prime factors of k.
3
Suppose 5*l + g = 25, 3*l + 0*l - 32 = -4*g. Suppose -41 = l*o + 11. Let a = 26 + o. What are the prime factors of a?
13
Let x be 56/10 - 6/(-15). Suppose -x*g + 8 = -2*g. What are the prime factors of g?
2
Suppose -j - 2*j = 0. Let g be j + (0 + -1)*-48. Suppose 2*o = 4*f + 1 - 65, -5*o = -3*f + g. List the prime factors of f.
2
Let x(p) be the third derivative of p**5/60 + 5*p**4/24 - 5*p**3/3 - p**2. Suppose 0 = a + 2*a + 24. What are the prime factors of x(a)?
2, 7
Let z(d) = -d - 19. Let i(h) = 1. Let l(a) = i(a) - z(a). Let u be l(-9). Let c = 18 - u. What are the prime factors of c?
7
Let m(d) = -3 + 2 + 1 + 4*d - 1. List the prime fac